ose -5*s + 146 = 51. What is the remainder when 36 is divided by s?
17
Suppose 3*s + 4 + 26 = 0. Let f = s - -18. Calculate the remainder when 29 is divided by f.
5
Let h be -2 + (-32 - 2 - -3). Let s = -21 - h. Calculate the remainder when 35 is divided by s.
11
Let c = 58 + 10. Suppose 4*z - 84 = c. Calculate the remainder when z is divided by 13.
12
Suppose -55 = -p - 3*a, 2*a + 94 = -5*p + 317. Suppose 51 = 5*b - j, -b + 0*j - 9 = -5*j. Calculate the remainder when p is divided by b.
10
Let j = -1 - -2. Suppose -4*d + 2 = -s, s - 5*d + j = -2*d. Calculate the remainder when s is divided by ((-4)/(-64)*4)/(1/8).
0
Let w be (-3)/(-2)*4 - 1. Let k = -3 + w. Suppose 2*f - k = 16. What is the remainder when f is divided by 5?
4
Suppose -3*c = -y - 35, 5*y - 22 = 3*c - 65. What is the remainder when c is divided by 6?
5
Suppose -20 = -6*f + f. Let k = 12 - 3. Suppose 2*v - 6 = 2*w, 3*v - w = -2*w + k. What is the remainder when f is divided by v?
1
Let l(j) = j**2 - j - 1. Let z be l(2). Suppose o - 4*n = -o + 40, 0 = -4*o + 5*n + 80. What is the remainder when o is divided by (12 - z)/(6 - 5)?
9
Suppose -3*r - 2*r + 175 = 0. Let s(c) = 3*c**2 + 3*c. Suppose 4*w = 2*i - 10, 1 = -4*w - i - 12. What is the remainder when r is divided by s(w)?
17
Let b = 0 + 12. What is the remainder when 23 is divided by b?
11
Suppose -3*k + 10 = 1. Suppose f + k*f - 100 = 0. Calculate the remainder when f is divided by (-22)/4*-2 - -2.
12
Let d(k) = 2*k**2 + 7*k - 7. Let b(a) = -a**2 + 8*a - 7. Calculate the remainder when d(-5) is divided by b(6).
3
Suppose 3*h = -2*v - 53, -2*h = v - 4*h + 16. Let f = v + 47. Suppose 5*y - 20 = f. What is the remainder when y is divided by 4?
1
Suppose t + 0 = 4. Suppose 0 = -2*b - 4*r + 20, 0*r - 4 = -t*r. Calculate the remainder when 23 is divided by b.
7
Suppose 12*d = 4*d + 272. What is the remainder when 66 is divided by d?
32
Let d(g) = g**3 + 5*g**2 + 4*g + 2. Let w be d(-4). Suppose -34 = -w*c + j, j - 18 = -2*c + 6*j. What is the remainder when c is divided by 2/(-5) + 52/5?
9
Let o(i) = i - 1. Let w(b) = -19*b + 6. Let l(n) = -5*o(n) - w(n). Let f = 1 + 0. What is the remainder when 24 is divided by l(f)?
11
Let i(x) = x**3 + 8*x**2 + 5*x + 3. Calculate the remainder when i(-5) is divided by 14.
11
Let t(a) = 9*a + 2. Calculate the remainder when 54 is divided by t(3).
25
Suppose -4*l - 13 = -m, -3 = m + 4*l - 0. Let x be -3 + (1 - 2)*-2. What is the remainder when (-8)/(-1 - x - 1) is divided by m?
3
Let d = -1 + 12. Calculate the remainder when 32 is divided by d.
10
Suppose n + 11 - 34 = 0. Let o(i) = i**2 - 3*i. Let h be o(3). Calculate the remainder when (h - (3 + n))*-1 is divided by 9.
8
Suppose -5*p - 21 = 4, 0 = 4*w - 2*p - 26. Let o(v) = -3*v**2 + 6*v - 1. Let n be o(w). Let d = n - -47. Calculate the remainder when d is divided by 8.
6
Let b = 30 + 5. Calculate the remainder when b is divided by 12.
11
Let o(n) = 2*n**2 + 7*n - 26. Calculate the remainder when o(-9) is divided by 19.
16
Let i = 12 + 0. Calculate the remainder when 19 is divided by i + 0 + (-6)/3.
9
Let z = -63 + 154. Calculate the remainder when z is divided by 46.
45
Suppose -2*l + 4*l - 12 = 0. What is the remainder when l is divided by 10/2 + (-1)/1?
2
Suppose -2*y + 63 = i, 16 = i - 5*y - 12. Calculate the remainder when i is divided by 14.
11
Suppose -n = 5*i + 3, -i - 15 = -5*n + 4*i. Suppose 15 = -3*y, 0 = n*q - 2*y - 14 - 40. What is the remainder when q is divided by (6/9)/(1/18)?
10
Suppose 4*n = -n + 75. Let d = n + -11. Calculate the remainder when 7 is divided by d.
3
Let d(q) = 3*q - 17. Calculate the remainder when d(14) is divided by 7.
4
Let o be 1 + -1 - (-4 + 42). Let b = -17 - o. What is the remainder when 41 is divided by b?
20
Suppose 5*j = 4*j + 5*y + 30, 120 = 4*j + 2*y. Let i = 16 + j. Let w = i - 30. What is the remainder when w is divided by 6?
4
Suppose 2*v + w = -3*w + 58, 9 = 3*w. What is the remainder when 65 is divided by v?
19
Suppose 3*r + 32 = 2*h + 4*r, -8 = -2*h + 5*r. Calculate the remainder when 55 is divided by h.
13
Suppose -13*u + 11*u = -4. Suppose 0 = q - 43 - u. What is the remainder when q is divided by 12?
9
Suppose 33 = -b - 1. Let i = -24 - b. What is the remainder when 36 is divided by i?
6
Suppose 1368 = -8*n + 16*n. Calculate the remainder when n is divided by 43.
42
Let d(i) = i**2 - 10*i + 7. Let w = -5 + 12. What is the remainder when d(11) is divided by w?
4
Suppose -3*d + 4*x + 16 = -31, 4*d + 5*x = 42. What is the remainder when 25 is divided by d?
12
Suppose -c + 200 = 4*c. Suppose -5*s + c = 5*v, 4*s = -v + 4*v - 3. Suppose v*o - 10 = 4*o. What is the remainder when 29 is divided by o?
9
Suppose 0 = -4*q + 4*f + 4, 0 = -4*q + 5*f - 2*f + 6. Calculate the remainder when q is divided by 3.
0
Suppose a - 96 + 32 = -4*j, -4*j - 5*a + 80 = 0. Calculate the remainder when j is divided by 4.
3
Suppose f - 33 = 48. Calculate the remainder when f is divided by 12.
9
Suppose 4*l - 4 = -0. Calculate the remainder when 1 is divided by l.
0
Suppose s = -2*s - 6. What is the remainder when 7 is divided by (-3)/s*(-10)/(-3)?
2
Calculate the remainder when 69 is divided by 194/8 + (-4)/16.
21
Let g(y) = -y**2 - 8*y - 4. What is the remainder when g(-4) is divided by 6?
0
Suppose 0 = j - 2*j + 95. What is the remainder when j is divided by 24?
23
Let t = -14 - -18. What is the remainder when 7 is divided by t?
3
Let v(g) = 4*g**2 - g. Let j be v(-1). Suppose -3*w - 16 = -j*w. Calculate the remainder when 23 is divided by w.
7
Let t = -14 + 32. What is the remainder when 52 is divided by t?
16
Let n(v) = -v - 14. Let k(a) = 3*a + 4. Calculate the remainder when k(5) is divided by n(-25).
8
Suppose -5*g - 355 = -10*g. Calculate the remainder when g is divided by 18.
17
Let r be (2 - 5/2)*-2. Suppose -5*n + 21 - r = 0. Calculate the remainder when 11 is divided by n.
3
Let p = -2 + -3. What is the remainder when (-15)/25 + (-8)/p is divided by 1?
0
Let u(a) = a - 1 + 4*a - 3 + 2 + 3*a**2. What is the remainder when u(-5) is divided by 25?
23
Let q = -3 - -15. What is the remainder when 22 is divided by (-16)/5*(-30)/q?
6
Suppose 60 = 5*d - 30. What is the remainder when 35 is divided by d?
17
Let h = 123 - 85. What is the remainder when h is divided by 10?
8
Suppose 0 = -2*z - 3*z + 10. Suppose -5*j = 25, -2 - 1 = z*l + 5*j. Let m = l + -5. What is the remainder when 17 is divided by m?
5
Let h(u) = -6*u + 2. What is the remainder when h(-4) is divided by 9?
8
Let z = 63 + -32. Suppose 0*m + m - 16 = 0. What is the remainder when z is divided by m?
15
Let w(x) = 4*x**2 - 5*x - 20. Calculate the remainder when 52 is divided by w(-3).
21
Suppose -4*i = 3*o - 25, i + 65 = 4*o - 0*i. Calculate the remainder when 57 is divided by o.
12
Let d(a) = -a**3 + 13*a**2 - 28*a - 4. What is the remainder when d(10) is divided by 6?
4
Let j(u) = -u**3 + 4*u**2 + 6*u + 3. Calculate the remainder when 41 is divided by j(-2).
11
Let w = -26 + 25. Suppose 2*c + 10 = 3*c. What is the remainder when (38/(-5))/(w/5) is divided by c?
8
Suppose a - 6*a = -20. Let r(n) be the third derivative of n**6/120 + n**5/60 - n**4/24 + n**3 - 3*n**2. What is the remainder when r(0) is divided by a?
2
Suppose -15 + 15 = -3*n. Let v(t) = -3*t - 2. Let w be v(-2). Suppose n = -w*s + 22 + 18. What is the remainder when 19 is divided by s?
9
Let p = 29 - 8. Suppose -b = -0*b - 4. Suppose -3*q - p = -b*q. What is the remainder when 62 is divided by q?
20
Let o be ((-9)/(-6))/(1/2). Suppose o = 4*k - 1. Calculate the remainder when 2 is divided by k.
0
Let q(y) = -y**3 + 5*y**2 + 2*y + 7. Suppose -2*r + 3*t + 4 = -0*t, -5*r + 4*t + 17 = 0. Calculate the remainder when q(r) is divided by 6.
5
Let q(p) = -5*p - 8. Let c(f) = -11*f + 7. Let b be c(-7). Let z = b + -42. What is the remainder when z is divided by q(-6)?
20
Let d = 24 - 9. What is the remainder when 25 is divided by d?
10
Suppose -i - 2 = 0, -40 = -c + i - 0*i. Calculate the remainder when 151 is divided by c.
37
What is the remainder when 31/(12/8 + -1) is divided by 21?
20
Suppose 3*n - 2*g - 24 = -5*g, -4 = -2*n + 4*g. Calculate the remainder when n is divided by 2.
0
Let y(l) = -l**3 + 3*l**2 + l + 4. Suppose 2*j + 4*w - 10 = 0, -1 - 1 = -2*j + 4*w. What is the remainder w